2 + -5). Let h = o - 8059. Is h composite?
False
Let y be (-279)/62*(-2)/1. Suppose y*b - 16148 = 5*b. Is b a prime number?
False
Let h = -105104 - -156257. Let t = h - 32654. Is t composite?
True
Suppose -5*k - 148097 = -31*k + 219621. Is k composite?
False
Suppose -5*p + 10 = 0, 3*i + 3*p - 36353 = -p. Let x = i + -6502. Is x prime?
False
Suppose 2*f - 3*o = 4*f - 349048, 5*f = -o + 872633. Is f a prime number?
True
Let s(r) = 169*r**2 + 7*r - 3. Let d(p) = 678*p**2 + 30*p - 14. Let i(f) = -2*d(f) + 9*s(f). Is i(-6) prime?
True
Suppose 3*a - 7409 = -2*f, 0*f = -2*f + 5*a + 7385. Suppose h - f = -3*j, -5*h + 3853 = -2*j - 14630. Is h composite?
False
Let g = -59420 + 100753. Is g composite?
False
Is 102292 + (-19)/((-247)/195) a prime number?
False
Suppose 72*x - 23414840 = -123*x - 553235. Is x prime?
True
Suppose -2*i + 808493 = 3*i + 2*i. Is i a composite number?
False
Suppose f - 2*h + 4*h = 12435, 2*f + 2*h = 24880. Let i = f - 486. Is i a prime number?
True
Suppose -27*y + 11296941 = -13852020. Is y a composite number?
True
Is 3245/(-118)*143054/(-11) prime?
False
Suppose 0 = 5*u - c - 15814, 98*u = 97*u - 2*c + 3165. Is u prime?
True
Suppose -2*m - 3*b = -296261, -6*m + 2*b + 444359 = -3*m. Is m a prime number?
True
Let y be 9940 - ((-48)/20)/(-6)*5. Is ((-12)/8)/((-3)/y) composite?
False
Let g = -22253 + 35994. Suppose -29*f + 36*f = g. Is f a prime number?
False
Is 1343591/207 + (-2)/(-9) composite?
False
Let f(b) = -3812*b**3 + 4*b**2 - 7*b - 7. Let c(m) = -2*m**3 + m**2 - m - 2. Let p(w) = 5*c(w) - f(w). Is p(1) prime?
False
Is (5/(-10))/(12 + 52188521/(-4349042)) a prime number?
True
Suppose -32*k - 8*k + 16314498 - 3897418 = 0. Is k a composite number?
True
Let r(c) = c**3 + 3*c**2 - 7*c + 4. Let o be r(2). Suppose -5*g = -o*g + 4295. Is g composite?
False
Suppose 3*w - 3*v = 999066, 5*w - v = 840258 + 824840. Is w a prime number?
True
Let j = 64078 + -44417. Is j a prime number?
True
Suppose -34 = -4*w - 86. Let m(h) = -h**3 - 12*h**2 + 13*h. Let n be m(w). Suppose n = 2*s - 2*a - 958 - 436, 5*s = -a + 3467. Is s a composite number?
True
Suppose 774 = 13*x + 85. Suppose 61*a = x*a + 44152. Is a a prime number?
True
Suppose -5*h = -5*u - 4833065, 3*u = -16*h + 20*h - 3866452. Is h composite?
False
Let m = 80585 + 301326. Is m a composite number?
False
Let l be -8*(-4)/16 + 1. Suppose 2*u - 4*k = 5846, -l*u + 8784 = -0*k - 3*k. Is u a prime number?
False
Let v = -119839 + 243212. Is v a composite number?
False
Let y(l) = 2954*l**3 + 50*l**2 + 8*l - 47. Is y(5) a prime number?
True
Suppose -3*a + 108 = 99. Suppose o = -2*u - 3*u + 5956, 0 = -a*o - u + 17882. Is o prime?
False
Let x be 8/(-2) - 55*-1. Let z = x + -51. Suppose z = 5*v - 321 - 34. Is v prime?
True
Suppose -1796*d + 820607 = -1779*d. Is d composite?
False
Suppose 5*j + 1 = 6. Let o be (-5782)/(-14) + j*3. Suppose m - 4*q - o = -23, -q - 1587 = -4*m. Is m a composite number?
False
Let a(h) = -2*h + 8. Let b be a(3). Suppose 2*c - 5*c = b*l - 1324, 4*l - 5*c - 2626 = 0. Is l composite?
False
Suppose 0 = 37*u - 38*u + 3*w + 20842, 3*u - 3*w = 62508. Is u prime?
False
Is 22/10*(-31218215)/(-301) a composite number?
True
Let n(i) = 21*i - 36. Let t(k) = -10*k + 18. Let z(w) = 4*n(w) + 9*t(w). Let j be z(3). Is (-3 - j) + 515 + 29 prime?
True
Let f(w) = -632*w - 18. Let j be f(7). Let d = 29943 + j. Is d a prime number?
False
Suppose 2*m + 761 + 173 = 0. Suppose 2*y + j - 133 + 561 = 0, -214 = y - 2*j. Let a = y - m. Is a composite?
True
Suppose -77*d - 20*d - 15*d = -3814384. Is d a prime number?
True
Suppose -96 = -3*f + 4*m, 52*m - 103 = -4*f + 49*m. Suppose f*d - 126940 = 8*d. Is d a composite number?
True
Let l = -10673 - -19442. Let o = l + -5090. Is o a composite number?
True
Let f = -66 + 106. Let k = f - 39. Is k/((-25880)/8630 - (-4 + 1)) a prime number?
True
Suppose 30*i - 27 = 39*i. Is 671 - (-9 - i/1) composite?
False
Let m(x) = 6*x**3 + 9*x**2 + 3*x + 23. Let w(d) = d - 7. Let l be w(16). Let k be l/((-18)/(-4)) - (-7 + 2). Is m(k) a prime number?
True
Let b(u) = -2*u - 7. Let g be b(-11). Suppose 11 - g = -o. Let d(y) = 384*y**2 - y + 3. Is d(o) a composite number?
False
Suppose 4*u - 13 + 1 = 0, -3*u - 13 = -2*l. Suppose 109973 = -l*y + 28*y. Is y a prime number?
True
Let r(f) = -4567*f + 316. Is r(-10) a composite number?
True
Suppose -9*c = -3*c - 102. Suppose 5*d = i + 19, i - 4*d - 2 + c = 0. Let n(q) = 1473*q - 4. Is n(i) prime?
False
Let f(w) = -2*w - 5. Let r = 16 - 23. Let u be f(r). Suppose u*b - 2827 = 19862. Is b prime?
True
Let w = 62 - 62. Suppose 15*i + 0*i - 232365 = w. Is i a prime number?
False
Suppose 3*p = 4*g - 76, -24 = -2*p + 3*p - 2*g. Let z be 60/35*p/(-8). Suppose -z*n - 861 = -9*n. Is n a composite number?
True
Let v = 33 - 19. Let m(z) = z**3 - 9*z**2 - 23*z - 3. Is m(v) a prime number?
False
Let f = 227103 - -43470. Is f prime?
False
Suppose 8069 + 769 = 9*k. Suppose 1128 = 3*v - 5*n - 1806, -v + k = -3*n. Is v a prime number?
False
Is (1 - 2)*(-51282 - -67) a composite number?
True
Let c(l) = -159*l + 33. Suppose 4*i = 16, 2*j + 0*j = i + 22. Let s be c(j). Let g = 3457 + s. Is g composite?
False
Let c(o) = -294*o**3 - 6*o**2 + 20*o + 11. Is c(-6) a prime number?
True
Is ((-9)/(-36)*-2)/((51/2201142)/(-17)) a prime number?
False
Let i(n) = 22*n**3 - 14*n**2 + 17*n - 30. Let g(a) = a**3. Let y(v) = -4*g(v) + i(v). Is y(11) a composite number?
True
Suppose c = 5*l - 12717, -3*c - 15 = -8*c. Suppose -12*p - l = -4*p. Let y = p + 647. Is y composite?
True
Let m(s) = -19*s - 3. Let f be m(-1). Suppose f = -9*i + 16. Suppose 23*a - 20*a - 2313 = i. Is a composite?
True
Is 787471 + 30 + (-140)/10 prime?
False
Suppose 11*f + 336 = 15*f. Suppose f + 16 = 5*c. Let t = c + 74. Is t prime?
False
Suppose 8961294 = -48*d + 234*d. Is d prime?
True
Let z be (5405/(-92))/(1/(-68)). Suppose 4*c - 36 = 5*g + 7, -5*g - 36 = -3*c. Suppose -c*x + z = -2858. Is x a prime number?
False
Let c(j) = 1895*j - 5115. Is c(80) a prime number?
False
Let b be (27/(-4))/(3 + (-8895)/2960). Suppose -3*u - u + i + 5353 = 0, b = u + i. Is u a prime number?
False
Suppose -476 = -17*w - 136. Is (-775404)/(-44) + w/110 prime?
True
Let b = -5 + 7. Suppose -t + b*u + 5 = -0, -3 = -t + 3*u. Suppose 0*y + 2133 = t*y. Is y a prime number?
False
Is (-59927)/1*-1 + 37/((-407)/66) a prime number?
True
Suppose 221*n - 20 = 217*n. Let v(i) = -i**3 + 4*i**2 + 6*i. Let s be v(5). Suppose -s*j + n*u = -3170, -2*j + 0*j + 1265 = -5*u. Is j composite?
True
Let i(d) = -580*d - 27. Let l be (-3 - 0) + 4 - 54/6. Is i(l) a prime number?
False
Let m = 53 - 30. Let j be (-48)/16 + 0 + m. Suppose -18*o = -j*o + 230. Is o composite?
True
Let z(c) = c**3 + 28*c**2 + 10*c + 28. Let s be z(-21). Is (-2)/5*s/(-7) a composite number?
True
Let n(i) be the third derivative of -61*i**7/5040 + 19*i**6/360 - i**5/12 - 32*i**2. Let g(b) be the third derivative of n(b). Is g(-15) a composite number?
False
Let t(c) = 18*c**3 - 95*c**2 - 74*c + 118. Is t(29) prime?
True
Let n(h) = 85*h**2 - 155*h + 2549. Is n(71) composite?
False
Suppose v = 4*u - 181558, -444*v = -u - 439*v + 45399. Is u prime?
True
Let u(i) = 25*i**2 - 99*i - 97. Is u(51) composite?
False
Let u = 244 + -246. Is 164/(-492)*(-2)/(u/(-87717)) a prime number?
False
Is (-15)/400*-16 + (-20618264)/(-10) a prime number?
False
Let d(m) be the first derivative of -12 - 17/4*m**4 - 4/3*m**3 - m + 0*m**2. Is d(-6) prime?
True
Let j(u) = -17*u + 23. Let m(p) = 34*p - 47. Let a(y) = 11*j(y) + 6*m(y). Let n(v) = v**2 + 3*v - 4. Let h be n(-6). Is a(h) prime?
False
Let u = 31168 + -5379. Suppose 11*i - u - 29772 = 0. Is i composite?
False
Is 4/38 + (-424845729)/(-2793) composite?
False
Let o(p) = -9475*p - 1959. Is o(-8) prime?
False
Is (-19076907)/(-221) - (-34)/221 composite?
True
Suppose -6*w + 21432 = -0*w. Let z = -8697 + w. Let d = -2996 - z. Is d prime?
True
Let z = -1957861 + 3509858. Is z a prime number?
True
Let t = 189788 + 1463681. Is t prime?
True
Let m be 1202/(-4)*(-10)/25*5. Suppose -2*v + 3709 = -m. Is v a composite number?
True
Let n = -711 + 733. Suppose n*h + 21005 = 27*h. Is h a prime number?
True
Suppose 15*x = -2*x + 14348. Let y = 1613 - x. Is y a prime number?
True
Suppose -4*d = -d - k - 19, d - 18 = -2*k. Suppose -23505 